{"id":3,"date":"2025-12-08T12:09:03","date_gmt":"2025-12-08T12:09:03","guid":{"rendered":"https:\/\/wesiho.ch\/?page_id=3"},"modified":"2025-12-09T08:41:28","modified_gmt":"2025-12-09T08:41:28","slug":"privacy-policy","status":"publish","type":"page","link":"https:\/\/wesiho.ch\/index.php\/privacy-policy\/","title":{"rendered":"Datenschutz"},"content":{"rendered":"\n<p>Die Adresse meiner Website ist: <a href=\"https:\/\/wesiho.ch\">https:\/\/www.wesiho.ch<\/a><\/p>\n\n\n\n<h3 class=\"wp-block-heading\"><strong>1. Einleitung<\/strong><\/h3>\n\n\n\n<p>Mit dieser Datenschutzerkl\u00e4rung informieren ich Sie dar\u00fcber, welche Personendaten ich im Zusammenhang mit meinen Aktivit\u00e4ten und Operationen, einschliesslich meiner Website https:\/\/wesiho.ch, bearbeite. Ich informiere Sie insbesondere dar\u00fcber, wof\u00fcr, wie und wo ich Personendaten bearbeite. Ich informieren Sie zudem \u00fcber die Rechte der Personen, deren Daten ich bearbeite.<\/p>\n\n\n\n<p>F\u00fcr einzelne oder zus\u00e4tzliche Aktivit\u00e4ten und Operationen k\u00f6nnen weitere Datenschutzerkl\u00e4rungen sowie sonstige Dokumente wie Allgemeine Gesch\u00e4ftsbedingungen (AGB), Nutzungsbedingungen oder Teilnahmebedingungen gelten.<\/p>\n\n\n\n<p>Ich unterliege dem schweizerischen Datenschutzrecht und halte mich an die Bestimmungen des revidierten Eidgen\u00f6ssischen Datenschutzgesetzes (nDSG).<\/p>\n\n\n\n<h3 class=\"wp-block-heading\"><strong>2. Verantwortliche Person<\/strong><\/h3>\n\n\n\n<p><strong>Edwin Willi Weber<\/strong><br><strong>Stampfistrasse 17, 8193 Eglisau, Schweiz<\/strong><br>edwin.weber@wesiho.ch<br><strong>Telefon +41 43 422 58 58<\/strong><\/p>\n\n\n\n<h3 class=\"wp-block-heading\"><strong>3. Begriffsbestimmungen<\/strong><\/h3>\n\n\n\n<p><strong>Personendaten<\/strong>&nbsp;sind alle Angaben, die sich auf eine bestimmte oder bestimmbare nat\u00fcrliche Person beziehen.&nbsp;<br><strong>Bearbeiten<\/strong>&nbsp;umfasst jeden Umgang mit Personendaten, unabh\u00e4ngig von den angewandten Mitteln und Verfahren, insbesondere das Beschaffen, Speichern, Verwenden, Ver\u00e4ndern, Bekanntgeben, Archivieren, L\u00f6schen oder Vernichten von Daten.<\/p>\n\n\n\n<h3 class=\"wp-block-heading\"><strong>4. Art und Umfang der Datenbearbeitung<\/strong><\/h3>\n\n\n\n<p>Ich bearbeite jene Personendaten, die erforderlich sind, um meine Aktivit\u00e4ten und Operationen dauerhaft, nutzerfreundlich, effizient und sicher aus\u00fcben zu k\u00f6nnen. Ich bearbeite Personendaten grunds\u00e4tzlich nur nach einer der folgenden Rechtsgrundlagen:<\/p>\n\n\n\n<ul class=\"wp-block-list\">\n<li>Ihre Einwilligung liegt vor.<\/li>\n\n\n\n<li>Zur Erf\u00fcllung eines Vertrags mit Ihnen oder f\u00fcr vorvertragliche Massnahmen.<\/li>\n\n\n\n<li>Zur Wahrung unserer \u00fcberwiegenden berechtigten Interessen, sofern Ihre Interessen nicht \u00fcberwiegen (z.B. Betriebssicherheit der Website).<\/li>\n\n\n\n<li>Wenn die Bearbeitung aus gesetzlichen Gr\u00fcnden notwendig ist.<\/li>\n<\/ul>\n\n\n\n<h3 class=\"wp-block-heading\"><strong>5. Logfiles und Cookies<\/strong><\/h3>\n\n\n\n<h5 class=\"wp-block-heading\"><strong>5.1. Logfiles\/Server-Logdateien<\/strong><\/h5>\n\n\n\n<p>Beim Besuch meiner Website werden durch den auf Ihrem Endger\u00e4t verwendeten Browser automatisch Informationen an den Server meiner Website gesendet. Diese Informationen werden tempor\u00e4r in sogenannten Server-Logfiles gespeichert.<\/p>\n\n\n\n<p>Folgende Daten werden dabei ohne Ihr Zutun erfasst und bis zur automatisierten L\u00f6schung gespeichert:<\/p>\n\n\n\n<ul class=\"wp-block-list\">\n<li>Browsertyp und Browserversion<\/li>\n\n\n\n<li>Verwendetes Betriebssystem<\/li>\n\n\n\n<li>Referrer-URL (die zuvor besuchte Seite)<\/li>\n\n\n\n<li>Hostname des zugreifenden Rechners (IP-Adresse)<\/li>\n\n\n\n<li>Uhrzeit der Serveranfrage<\/li>\n<\/ul>\n\n\n\n<p>Diese Daten werden ausschliesslich dazu verwendet, einen reibungslosen Verbindungsaufbau der Website zu gew\u00e4hrleisten, eine komfortable Nutzung zu erm\u00f6glichen sowie die Systemsicherheit und -stabilit\u00e4t auszuwerten. Dies stellt ein berechtigtes Interesse im Sinne des nDSG dar.<\/p>\n\n\n\n<h5 class=\"wp-block-heading\"><strong>5.2. Cookies<\/strong><\/h5>\n\n\n\n<p>Meine Website verwendet Cookies. Cookies sind kleine Textdateien, die Ihr Browser automatisch erstellt und auf Ihrem Endger\u00e4t (Laptop, Tablet, Smartphone o.\u00e4.) speichert, wenn Sie unsere Seite besuchen.<\/p>\n\n\n\n<p>Cookies richten auf Ihrem Endger\u00e4t keinen Schaden an, enthalten keine Viren oder Trojaner. Sie dienen dazu, das Angebot nutzerfreundlicher, effektiver und sicherer zu machen.<\/p>\n\n\n\n<ul class=\"wp-block-list\">\n<li><strong>Technisch notwendige Cookies:<\/strong>&nbsp;Einige Cookies sind technisch erforderlich, damit die Website funktioniert.<\/li>\n\n\n\n<li><strong>Analyse-Cookies:<\/strong>&nbsp;(M\u00fcssen Sie erw\u00e4hnen, wenn Sie z.B. Google Analytics nutzen \u2013 siehe Abschnitt 6).<\/li>\n<\/ul>\n\n\n\n<p>Sie k\u00f6nnen die Installation der Cookies durch eine entsprechende Einstellung der Browser-Software verhindern; wir weisen Sie jedoch darauf hin, dass Sie in diesem Fall gegebenenfalls nicht s\u00e4mtliche Funktionen dieser Website vollumf\u00e4nglich nutzen k\u00f6nnen.<\/p>\n\n\n\n<h3 class=\"wp-block-heading\"><strong>6. Dienste Dritter und Datenweitergabe<\/strong><\/h3>\n\n\n\n<p>Wir nutzen auf unserer Website externe Dienste und binden Inhalte Dritter ein. Dadurch werden Daten an diese Dritten \u00fcbermittelt.<\/p>\n\n\n\n<p><strong>A: Google Analytics (Webanalyse)<\/strong><\/p>\n\n\n\n<p>Wir nutzen Google Analytics, einen Webanalysedienst der Google Ireland Limited. Google Analytics verwendet Cookies (siehe Ziff. 5.2), die eine Analyse der Benutzung der Website durch Sie erm\u00f6glichen. Die erzeugten Informationen \u00fcber Ihre Benutzung dieser Website werden in der Regel an einen Server von Google in den USA \u00fcbertragen und dort gespeichert. Wir haben Massnahmen getroffen, um sicherzustellen, dass die IP-Adresse anonymisiert wird.<\/p>\n\n\n\n<p>Weitere Informationen zur Datenverwendung durch Google finden Sie in der&nbsp;Datenschutzerkl\u00e4rung von Google.<\/p>\n\n\n\n<p><strong>B: Kontaktformular<\/strong><\/p>\n\n\n\n<p>Wenn Sie mir per Kontaktformular Anfragen zukommen lassen, werden Ihre Angaben aus dem Anfrageformular inklusive der von Ihnen dort angegebenen Kontaktdaten zwecks Bearbeitung der Anfrage und f\u00fcr den Fall von Anschlussfragen bei mir gespeichert.<\/p>\n\n\n\n<h3 class=\"wp-block-heading\"><strong>7. Ihre Rechte als betroffene Person<\/strong><\/h3>\n\n\n\n<p>Innerhalb des Rahmens des f\u00fcr Sie geltenden Datenschutzrechts und soweit darin vorgesehen, haben Sie folgende Rechte bez\u00fcglich Ihrer Personendaten:<\/p>\n\n\n\n<ul class=\"wp-block-list\">\n<li><strong>Auskunftsrecht:<\/strong>&nbsp;Sie k\u00f6nnen Auskunft dar\u00fcber verlangen, ob ich Personendaten von Ihnen bearbeite und wenn ja, um welche es sich handelt.<\/li>\n\n\n\n<li><strong>Berichtigungsrecht:<\/strong>&nbsp;Sie haben das Recht, die Vervollst\u00e4ndigung oder Berichtigung unrichtiger Personendaten zu verlangen.<\/li>\n\n\n\n<li><strong>Recht auf L\u00f6schung (Recht auf Vergessenwerden):<\/strong>&nbsp;Sie k\u00f6nnen verlangen, dass Personendaten gel\u00f6scht werden, wenn diese f\u00fcr den verfolgten Zweck nicht mehr erforderlich sind.<\/li>\n\n\n\n<li><strong>Widerspruchsrecht:<\/strong>&nbsp;Sie k\u00f6nnen gegen bestimmte Datenbearbeitungen, insbesondere im Bereich Direktwerbung oder bei berechtigtem Interesse, Widerspruch einlegen.<\/li>\n\n\n\n<li><strong>Recht auf Datenportabilit\u00e4t:<\/strong>&nbsp;Wenn die DSGVO anwendbar ist, k\u00f6nnen Sie verlangen, die Daten in einem g\u00e4ngigen Format zu erhalten.<\/li>\n<\/ul>\n\n\n\n<p>Die Aus\u00fcbung solcher Rechte setzt in der Regel voraus, dass Sie Ihre Identit\u00e4t eindeutig nachweisen (z.B. durch eine Ausweiskopie, wenn die Identit\u00e4t sonst nicht klar ist).<\/p>\n\n\n\n<p>Zur Geltendmachung Ihrer Rechte k\u00f6nnen Sie uns jederzeit unter der in Ziffer 2 genannten Adresse kontaktieren.<\/p>\n\n\n\n<h3 class=\"wp-block-heading\"><strong>8. Datensicherheit<\/strong><\/h3>\n\n\n\n<p>Wir setzen geeignete technische und organisatorische Sicherheitsmassnahmen ein, um Ihre Personendaten vor Manipulation, Verlust, Zerst\u00f6rung oder vor Zugriff unbefugter Personen zu sch\u00fctzen.<\/p>\n\n\n\n<h3 class=\"wp-block-heading\"><strong>9. Aktualit\u00e4t und \u00c4nderung dieser Datenschutzerkl\u00e4rung<\/strong><\/h3>\n\n\n\n<p>Diese Datenschutzerkl\u00e4rung ist aktuell g\u00fcltig und hat den Stand vom<br>25. November 2024.<\/p>\n\n\n\n<p>Ich behalte mir vor, diese Datenschutzerkl\u00e4rung jederzeit an neue rechtliche Anforderungen anzupassen. Die jeweils aktuelle Version kann auf meiner Website abgerufen werden.<\/p>\n\n\n\n<p><\/p>\n","protected":false},"excerpt":{"rendered":"<p>Die Adresse meiner Website ist: https:\/\/www.wesiho.ch 1. Einleitung Mit dieser Datenschutzerkl\u00e4rung informieren ich Sie dar\u00fcber, welche Personendaten ich im Zusammenhang mit meinen Aktivit\u00e4ten und Operationen, einschliesslich meiner Website https:\/\/wesiho.ch, bearbeite. Ich informiere Sie insbesondere dar\u00fcber, wof\u00fcr, wie und wo ich Personendaten bearbeite. Ich informieren Sie zudem \u00fcber die Rechte der Personen, deren Daten ich bearbeite. &hellip; <a href=\"https:\/\/wesiho.ch\/index.php\/privacy-policy\/\" class=\"more-link\"><span class=\"screen-reader-text\">&#8220;Datenschutz&#8221; <\/span>weiterlesen<\/a><\/p>\n","protected":false},"author":1,"featured_media":0,"parent":0,"menu_order":0,"comment_status":"closed","ping_status":"closed","template":"","meta":{"footnotes":""},"class_list":["post-3","page","type-page","status-publish","hentry"],"_links":{"self":[{"href":"https:\/\/wesiho.ch\/index.php\/wp-json\/wp\/v2\/pages\/3","targetHints":{"allow":["GET"]}}],"collection":[{"href":"https:\/\/wesiho.ch\/index.php\/wp-json\/wp\/v2\/pages"}],"about":[{"href":"https:\/\/wesiho.ch\/index.php\/wp-json\/wp\/v2\/types\/page"}],"author":[{"embeddable":true,"href":"https:\/\/wesiho.ch\/index.php\/wp-json\/wp\/v2\/users\/1"}],"replies":[{"embeddable":true,"href":"https:\/\/wesiho.ch\/index.php\/wp-json\/wp\/v2\/comments?post=3"}],"version-history":[{"count":5,"href":"https:\/\/wesiho.ch\/index.php\/wp-json\/wp\/v2\/pages\/3\/revisions"}],"predecessor-version":[{"id":85,"href":"https:\/\/wesiho.ch\/index.php\/wp-json\/wp\/v2\/pages\/3\/revisions\/85"}],"wp:attachment":[{"href":"https:\/\/wesiho.ch\/index.php\/wp-json\/wp\/v2\/media?parent=3"}],"curies":[{"name":"wp","href":"https:\/\/api.w.org\/{rel}","templated":true}]}}