{"id":29,"date":"2025-12-08T13:51:49","date_gmt":"2025-12-08T13:51:49","guid":{"rendered":"https:\/\/wesiho.ch\/?page_id=29"},"modified":"2025-12-10T13:43:05","modified_gmt":"2025-12-10T13:43:05","slug":"geschichte","status":"publish","type":"page","link":"https:\/\/wesiho.ch\/index.php\/geschichte\/","title":{"rendered":"Werdegang"},"content":{"rendered":"\n<h3 class=\"wp-block-heading\"><em>&#171;Woher kannst du das alles&#187;,<\/em> werde ich oft gefragt.<\/h3>\n\n\n\n<p>Ich bin ein, auf IT spezialisierter Techniker und Experte f\u00fcr Dokumentenmanagement und OCR-Technologie mit viel Informatik-Erfahrung seit 1967. Schon Jahre vor der Entwicklung erster PC&#8217;s waren Host Systeme und Mini-Computer wie der DEC PDP 8 (1965) und PDP 11 (1970) meine wichtigen Werkzeuge zur Realisierung von interessanten Projekten.<\/p>\n\n\n\n<h3 class=\"wp-block-heading\">Lebenslauf<\/h3>\n\n\n\n<p><strong>1954-1966<\/strong> Primar- und Sekundarschule, 4-j\u00e4hrige Lehre als Elektrofeinmechaniker bei L&amp;G in Zug. 1 Jahr Prototypenbau bei E. Reichlin in Walchwil.<\/p>\n\n\n\n<p><strong>1967-1972<\/strong> IBM. Servicetechniker f\u00fcr EDV-Hostsysteme und sp\u00e4ter Spezialisierung auf erste OCR-Lesesysteme IBM 1285 und IBM 1287.<\/p>\n\n\n\n<p><strong>1972-1975<\/strong> Interscan GmbH Frankfurt. Technischer Support, technischer Leiter. Installation und Support von OCR Grossanlagen f\u00fcr die optische Datenerfassung. Technischer Standort Schweiz.<\/p>\n\n\n\n<p><strong>1975-1982<\/strong> ALLDATA Rechenzentrun der Tages-Anzeiger AG. Eigene Entwicklung von Hardware und Software u.A. f\u00fcr die automatische Erfassung der Schweizerischen Telefonb\u00fccher der PTT ab Papier-Kopien der Schuppenkartei-St\u00e4be.<\/p>\n\n\n\n<blockquote class=\"wp-block-quote is-layout-flow wp-block-quote-is-layout-flow\">\n<p class=\"has-text-align-left\">1976 entwickelt Steve Jobs den Apple 1 und 1977 den Apple 2<\/p>\n<\/blockquote>\n\n\n\n<blockquote class=\"wp-block-quote is-layout-flow wp-block-quote-is-layout-flow\">\n<p class=\"has-text-align-left\">1981 am 12. August lanciert IBM den ersten PC<\/p>\n<\/blockquote>\n\n\n\n<p>1982-1988 Feller Informatik AG, Horgen. Sp\u00e4ter Namenswechsel in Datasan AG. Herstellung und Verkauf Ausland von OCR Systemen. Productmanager.<\/p>\n\n\n\n<blockquote class=\"wp-block-quote is-layout-flow wp-block-quote-is-layout-flow\">\n<p class=\"has-text-align-left\">24. Januar 1984, der erste Mac kommt f\u00fcr 2&#8217;500 $ auf den Markt<\/p>\n<\/blockquote>\n\n\n\n<p><strong>1988-2000<\/strong> Selbst\u00e4ndig. Eigene AG f\u00fcr Entwicklung und Verkauf von Systemen f\u00fcr die Automatische Dokumenterfassung mit OCR Technologie.<\/p>\n\n\n\n<p><strong>2000-2007<\/strong> Canon (Schweiz) AG. Regional Solutions Consultant, Account Manager DSC.<\/p>\n\n\n\n<p><strong>2007-2011<\/strong> ALOS AG. Account Manager DSC, Senior Projekt Consultant.<\/p>\n\n\n\n<p><strong>2011<\/strong>&nbsp;Regul\u00e4rer Wechsel in den &#171;Ruhestand&#187; mit 65 Jahren.<\/p>\n\n\n\n<p><strong>2014 <\/strong>Anfangs Jahr, Beitritt zur ehrenamtlichen Organisation eglisau60plus und Ende Jahr Gr\u00fcndung der Computeria-Eglisau. Inzwischen stillgelegt.<\/p>\n\n\n\n<p>Seither unabh\u00e4ngige, ehrenamtliche, IT-Support T\u00e4tigkeit f\u00fcr Senioren in Eglisau und der n\u00e4heren Umgebung.<\/p>\n\n\n\n<p><\/p>\n","protected":false},"excerpt":{"rendered":"<p>&#171;Woher kannst du das alles&#187;, werde ich oft gefragt. Ich bin ein, auf IT spezialisierter Techniker und Experte f\u00fcr Dokumentenmanagement und OCR-Technologie mit viel Informatik-Erfahrung seit 1967. Schon Jahre vor der Entwicklung erster PC&#8217;s waren Host Systeme und Mini-Computer wie der DEC PDP 8 (1965) und PDP 11 (1970) meine wichtigen Werkzeuge zur Realisierung von &hellip; <a href=\"https:\/\/wesiho.ch\/index.php\/geschichte\/\" class=\"more-link\"><span class=\"screen-reader-text\">&#8220;Werdegang&#8221; <\/span>weiterlesen<\/a><\/p>\n","protected":false},"author":1,"featured_media":0,"parent":0,"menu_order":0,"comment_status":"closed","ping_status":"closed","template":"","meta":{"footnotes":""},"class_list":["post-29","page","type-page","status-publish","hentry"],"_links":{"self":[{"href":"https:\/\/wesiho.ch\/index.php\/wp-json\/wp\/v2\/pages\/29","targetHints":{"allow":["GET"]}}],"collection":[{"href":"https:\/\/wesiho.ch\/index.php\/wp-json\/wp\/v2\/pages"}],"about":[{"href":"https:\/\/wesiho.ch\/index.php\/wp-json\/wp\/v2\/types\/page"}],"author":[{"embeddable":true,"href":"https:\/\/wesiho.ch\/index.php\/wp-json\/wp\/v2\/users\/1"}],"replies":[{"embeddable":true,"href":"https:\/\/wesiho.ch\/index.php\/wp-json\/wp\/v2\/comments?post=29"}],"version-history":[{"count":11,"href":"https:\/\/wesiho.ch\/index.php\/wp-json\/wp\/v2\/pages\/29\/revisions"}],"predecessor-version":[{"id":143,"href":"https:\/\/wesiho.ch\/index.php\/wp-json\/wp\/v2\/pages\/29\/revisions\/143"}],"wp:attachment":[{"href":"https:\/\/wesiho.ch\/index.php\/wp-json\/wp\/v2\/media?parent=29"}],"curies":[{"name":"wp","href":"https:\/\/api.w.org\/{rel}","templated":true}]}}